97569?
37
What is the greatest common divisor of 97096 and 1272?
424
What is the highest common factor of 19030 and 50?
10
What is the highest common divisor of 2210 and 444535?
65
What is the highest common factor of 8 and 1992?
8
Calculate the highest common factor of 15273802 and 118.
118
What is the greatest common factor of 1109680 and 80?
80
Calculate the greatest common factor of 620 and 31310.
310
What is the greatest common factor of 2772 and 184107?
231
What is the highest common factor of 1385 and 307747?
277
What is the greatest common divisor of 45744 and 12?
12
Calculate the highest common factor of 1408 and 594.
22
Calculate the greatest common factor of 125688 and 372.
12
What is the highest common factor of 1593 and 302859?
27
Calculate the greatest common factor of 25252 and 2889.
107
What is the greatest common factor of 4920 and 3977?
41
Calculate the greatest common factor of 914 and 95513.
457
What is the greatest common factor of 338785 and 5?
5
Calculate the greatest common factor of 751 and 4.
1
Calculate the highest common factor of 343 and 77994.
7
Calculate the highest common divisor of 147 and 40621.
49
Calculate the highest common divisor of 9479955 and 6327.
2109
What is the greatest common divisor of 738893 and 61?
61
What is the greatest common factor of 174836 and 45714?
802
Calculate the highest common divisor of 444 and 52584.
12
What is the highest common divisor of 11897112 and 48?
24
Calculate the greatest common factor of 52429 and 2951.
13
Calculate the highest common divisor of 5760 and 16560.
720
What is the greatest common factor of 1062 and 932967?
531
Calculate the greatest common factor of 202993 and 47.
47
What is the highest common factor of 48048 and 18249?
231
What is the highest common divisor of 956 and 17006284?
956
What is the highest common divisor of 635151 and 456?
57
Calculate the greatest common factor of 135 and 16365.
15
Calculate the highest common factor of 1088811 and 4668.
1167
What is the highest common divisor of 1168 and 2717644?
292
What is the highest common divisor of 2744 and 644?
28
What is the greatest common divisor of 4960 and 45880?
1240
What is the greatest common factor of 10 and 1417730?
10
What is the highest common divisor of 2121 and 2247?
21
Calculate the highest common factor of 11 and 10824.
11
Calculate the greatest common divisor of 10 and 12370.
10
What is the highest common factor of 12716 and 22066?
374
What is the highest common factor of 36 and 535428?
36
What is the highest common factor of 42781 and 1673?
239
What is the highest common factor of 95331 and 688?
43
Calculate the greatest common factor of 1288 and 7168.
56
Calculate the greatest common factor of 926499 and 189.
21
What is the greatest common factor of 4788602 and 3486?
1162
What is the greatest common factor of 35249 and 1313?
101
What is the greatest common factor of 535 and 405?
5
Calculate the highest common factor of 2279 and 3569.
43
Calculate the highest common factor of 294555 and 1533.
219
What is the greatest common divisor of 256 and 230960?
16
What is the highest common divisor of 18964365 and 1635?
1635
Calculate the highest common divisor of 34178 and 1748.
46
Calculate the highest common factor of 4449 and 684.
3
Calculate the greatest common factor of 234 and 95589.
117
What is the highest common divisor of 1836 and 352053?
459
What is the highest common factor of 72861 and 18093?
489
What is the greatest common divisor of 4324470 and 2820?
1410
Calculate the highest common divisor of 15337 and 392.
49
What is the greatest common divisor of 2560 and 52992?
256
What is the greatest common divisor of 4097 and 40247?
241
What is the greatest common factor of 1653390 and 15?
15
What is the greatest common factor of 1455 and 510?
15
What is the greatest common divisor of 36 and 39033?
9
What is the greatest common divisor of 1488 and 12927?
93
Calculate the greatest common divisor of 246 and 17220.
246
What is the greatest common divisor of 201 and 93331?
67
What is the greatest common divisor of 794 and 200?
2
What is the greatest common factor of 7392 and 48?
48
What is the highest common factor of 60 and 348144?
12
What is the highest common factor of 3315 and 24765?
195
Calculate the highest common factor of 2460 and 8700.
60
What is the highest common factor of 2992 and 1904?
272
What is the highest common divisor of 325 and 6838?
13
What is the highest common factor of 12 and 11678?
2
Calculate the greatest common factor of 1134 and 2562.
42
Calculate the highest common divisor of 344038 and 6802.
358
Calculate the greatest common divisor of 178 and 889288.
178
What is the highest common factor of 660 and 99572?
44
What is the greatest common factor of 969 and 48944?
19
What is the greatest common divisor of 409 and 1126795?
409
Calculate the greatest common factor of 175 and 47800.
25
Calculate the greatest common divisor of 101067 and 1593.
177
What is the greatest common factor of 3 and 505917?
3
Calculate the highest common divisor of 5222 and 27602.
746
Calculate the highest common factor of 1751 and 2295.
17
What is the greatest common factor of 4319 and 42573?
617
What is the highest common factor of 25 and 314425?
25
Calculate the highest common divisor of 66 and 5557497.
33
What is the highest common divisor of 96859 and 168?
7
What is the greatest common factor of 1515674 and 134?
134
Calculate the greatest common divisor of 16024 and 400.
8
What is the highest common factor of 235600 and 1200?
400
Calculate the greatest common factor of 418068 and 108.
108
Calculate the greatest common factor of 5848 and 6579.
731
Calculate the greatest common divisor of 3203628 and 342.
114
Calculate the highest common divisor of 204 and 62679.
51
Calculate the highest common factor of 6 and 44799.
3
What is the highest common divisor of 110805 and 534?
267
Calculate the greatest common factor of 3786298 and 58.
58
Calculate the highest common divisor of 10399806 and 522.
522
What is the highest common divisor of 56871 and 179424?
801
What is the greatest common divisor of 1806973 and 98?
49
What is the greatest common factor of 10350 and 10074?
138
What is the highest common factor of 80183 and 13733?
443
What is the highest common factor of 140 and 454090?
70
What is the highest common divisor of 3075 and 499175?
1025
What is the highest common factor of 7995 and 758090?
205
What is the highest common divisor of 64 and 140992?
64
What is the greatest common divisor of 4526379 and 143?
143
What is the greatest common factor of 3672 and 26298?
54
What is the greatest common factor of 864 and 328752?
432
Calculate the greatest common factor of 368 and 144.
16
What is the highest common divisor of 387 and 34443?
387
What is the highest common factor of 2 and 15183?
1
Calculate the highest common divisor of 430 and 14362.
86
What is the greatest common factor of 12984 and 60?
12
What is the greatest common factor of 1182 and 6?
6
Calculate the highest common divisor of 3780 and 720.
180
Calculate the highest common factor of 44396 and 16.
4
Calculate the highest common divisor of 5262 and 54.
6
Calculate the highest common divisor of 5457 and 39831.
51
What is the highest common divisor of 17952 and 84?
12
Calculate the greatest common divisor of 1484 and 28.
28
What is the highest common divisor of 82 and 960794?
82
Calculate the greatest common divisor of 2135805 and 105.
105
Calculate the greatest common factor of 39 and 569712.
39
Calculate the greatest common divisor of 3649 and 26363.
41
Calculate the greatest common factor of 1154112 and 960.
192
What is the highest common factor of 17061 and 11562?
141
What is the greatest common factor of 882 and 430983?
63
What is the highest common divisor of 114 and 45258?
114
Calculate the highest common divisor of 14823 and 11178.
243
Calculate the greatest common divisor of 128 and 34724.
4
What is the highest common divisor of 928197 and 2416?
151
What is the greatest common divisor of 1196 and 27820?
52
What is the greatest common factor of 204018 and 2442?
222
What is the greatest common divisor of 12636 and 84?
12
Calculate the highest common divisor of 37 and 460909.
37
Calculate the highest common divisor of 117 and 54